{"id":868,"date":"2021-03-07T11:15:37","date_gmt":"2021-03-07T11:15:37","guid":{"rendered":"http:\/\/www.unoporunowines.com\/?page_id=868"},"modified":"2021-03-07T12:25:30","modified_gmt":"2021-03-07T12:25:30","slug":"vinos-dulces-es","status":"publish","type":"page","link":"https:\/\/www.unoporunowines.com\/index.php\/es\/vinos-dulces-es\/","title":{"rendered":"Vinos Dulces"},"content":{"rendered":"\t\t<div data-elementor-type=\"wp-post\" data-elementor-id=\"868\" class=\"elementor elementor-868\">\n\t\t\t\t\t\t<div class=\"elementor-inner\">\n\t\t\t\t<div class=\"elementor-section-wrap\">\n\t\t\t\t\t\t\t\t\t<section class=\"elementor-section elementor-top-section elementor-element elementor-element-32e104f elementor-section-boxed elementor-section-height-default elementor-section-height-default\" data-id=\"32e104f\" data-element_type=\"section\">\n\t\t\t\t\t\t<div class=\"elementor-container elementor-column-gap-default\">\n\t\t\t\t\t\t\t<div class=\"elementor-row\">\n\t\t\t\t\t<div class=\"elementor-column elementor-col-100 elementor-top-column elementor-element elementor-element-7b36109\" data-id=\"7b36109\" data-element_type=\"column\">\n\t\t\t<div class=\"elementor-column-wrap elementor-element-populated\">\n\t\t\t\t\t\t\t<div class=\"elementor-widget-wrap\">\n\t\t\t\t\t\t<div class=\"elementor-element elementor-element-6538585 elementor-widget elementor-widget-text-editor\" data-id=\"6538585\" data-element_type=\"widget\" data-widget_type=\"text-editor.default\">\n\t\t\t\t<div class=\"elementor-widget-container\">\n\t\t\t\t\t\t\t\t<div class=\"elementor-text-editor elementor-clearfix\">\n\t\t\t\t<p class=\"MsoNormal\" style=\"margin-bottom: 0.0001pt; text-align: justify; line-height: normal; background-image: initial; background-position: initial; background-size: initial; background-repeat: initial; background-attachment: initial; background-origin: initial; background-clip: initial; vertical-align: baseline;\">Bodega ubicada en Montilla, dedicada a la elaboraci\u00f3n de\u00a0vinos\u00a0desde 1927. A finales de los a\u00f1os noventa, incorporamos el trabajo con\u00a0levaduras aut\u00f3ctonas\u00a0a la tradici\u00f3n de la bodega.<\/p><p class=\"MsoNormal\" style=\"margin-bottom: 0.0001pt; text-align: justify; line-height: normal; background-image: initial; background-position: initial; background-size: initial; background-repeat: initial; background-attachment: initial; background-origin: initial; background-clip: initial; vertical-align: baseline;\">A primera vista, los vi\u00f1edos tienen el aire de un jard\u00edn salvaje y rom\u00e1ntico, invadido por una capa de trebolinas, amapolas, tr\u00e9bol y flores silvestres, el zumbido de las abejas y otros insectos.<\/p><p class=\"MsoNormal\" style=\"margin-bottom: 0.0001pt; text-align: justify; line-height: normal; background-image: initial; background-position: initial; background-size: initial; background-repeat: initial; background-attachment: initial; background-origin: initial; background-clip: initial; vertical-align: baseline;\">Sin embargo, no hay nada accidental en el vi\u00f1edo: es el resultado de a\u00f1os de investigaci\u00f3n en el que la bodega de vino en C\u00f3rdoba mantiene un di\u00e1logo permanente con la Universidad y varios centros de investigaci\u00f3n nacionales e internacionales.<\/p>\t\t\t\t\t<\/div>\n\t\t\t\t\t\t<\/div>\n\t\t\t\t<\/div>\n\t\t\t\t\t\t<\/div>\n\t\t\t\t\t<\/div>\n\t\t<\/div>\n\t\t\t\t\t\t\t\t<\/div>\n\t\t\t\t\t<\/div>\n\t\t<\/section>\n\t\t\t\t<section class=\"elementor-section elementor-top-section elementor-element elementor-element-da4040d elementor-section-boxed elementor-section-height-default elementor-section-height-default\" data-id=\"da4040d\" data-element_type=\"section\">\n\t\t\t\t\t\t<div class=\"elementor-container elementor-column-gap-default\">\n\t\t\t\t\t\t\t<div class=\"elementor-row\">\n\t\t\t\t\t<div class=\"elementor-column elementor-col-100 elementor-top-column elementor-element elementor-element-3c4790b\" data-id=\"3c4790b\" data-element_type=\"column\">\n\t\t\t<div class=\"elementor-column-wrap elementor-element-populated\">\n\t\t\t\t\t\t\t<div class=\"elementor-widget-wrap\">\n\t\t\t\t\t\t<div class=\"elementor-element elementor-element-33a319a elementor-position-left elementor-widget__width-inherit elementor-vertical-align-top elementor-widget elementor-widget-image-box\" data-id=\"33a319a\" data-element_type=\"widget\" data-widget_type=\"image-box.default\">\n\t\t\t\t<div class=\"elementor-widget-container\">\n\t\t\t<div class=\"elementor-image-box-wrapper\"><figure class=\"elementor-image-box-img\"><img decoding=\"async\" width=\"900\" height=\"337\" src=\"https:\/\/www.unoporunowines.com\/wp-content\/uploads\/2021\/03\/caprichoso1-1.jpg\" class=\"attachment-2048x2048 size-2048x2048 wp-image-909\" alt=\"\" loading=\"lazy\" srcset=\"https:\/\/www.unoporunowines.com\/wp-content\/uploads\/2021\/03\/caprichoso1-1.jpg 900w, https:\/\/www.unoporunowines.com\/wp-content\/uploads\/2021\/03\/caprichoso1-1-300x112.jpg 300w, https:\/\/www.unoporunowines.com\/wp-content\/uploads\/2021\/03\/caprichoso1-1-768x288.jpg 768w, https:\/\/www.unoporunowines.com\/wp-content\/uploads\/2021\/03\/caprichoso1-1-830x311.jpg 830w, https:\/\/www.unoporunowines.com\/wp-content\/uploads\/2021\/03\/caprichoso1-1-230x86.jpg 230w, https:\/\/www.unoporunowines.com\/wp-content\/uploads\/2021\/03\/caprichoso1-1-350x131.jpg 350w, https:\/\/www.unoporunowines.com\/wp-content\/uploads\/2021\/03\/caprichoso1-1-480x180.jpg 480w\" sizes=\"(max-width: 900px) 100vw, 900px\" \/><\/figure><div class=\"elementor-image-box-content\"><h3 class=\"elementor-image-box-title\"><p><span style=\"font-family: Arial, sans-serif; background-image: initial; background-position: initial; background-size: initial; background-repeat: initial; background-attachment: initial; background-origin: initial; background-clip: initial;\">Caprichoso<o:p><\/o:p><\/span><\/p><\/h3><p class=\"elementor-image-box-description\"><p><span style=\"font-family: Arial, sans-serif; background-image: initial; background-position: initial; background-size: initial; background-repeat: initial; background-attachment: initial; background-origin: initial; background-clip: initial;\">Vino joven ecol\u00f3gico dulce. Coupage de uvas PEDRO XIM\u00c9NEZ sobremaduradas bajo el sol y uvas frescas VERDEJO con un sutil toque de anh\u00eddrido carb\u00f3nico que le aporta un final en boca divertido, fresco y refrescante. Su amplia gama de frescos aromas a frutas, miel y flores nos hacen viajar a la primavera en el vi\u00f1edo entre hierbas repletas de inflorescencias y polen..<o:p><\/o:p><\/span><\/p>\n\n<\/p><\/div><\/div>\t\t<\/div>\n\t\t\t\t<\/div>\n\t\t\t\t<div class=\"elementor-element elementor-element-0933434 elementor-position-right elementor-vertical-align-top elementor-widget elementor-widget-image-box\" data-id=\"0933434\" data-element_type=\"widget\" data-widget_type=\"image-box.default\">\n\t\t\t\t<div class=\"elementor-widget-container\">\n\t\t\t<div class=\"elementor-image-box-wrapper\"><figure class=\"elementor-image-box-img\"><img decoding=\"async\" width=\"900\" height=\"337\" src=\"https:\/\/www.unoporunowines.com\/wp-content\/uploads\/2021\/03\/pedroximenez1-1.jpg\" class=\"attachment-full size-full wp-image-910\" alt=\"\" loading=\"lazy\" srcset=\"https:\/\/www.unoporunowines.com\/wp-content\/uploads\/2021\/03\/pedroximenez1-1.jpg 900w, https:\/\/www.unoporunowines.com\/wp-content\/uploads\/2021\/03\/pedroximenez1-1-300x112.jpg 300w, https:\/\/www.unoporunowines.com\/wp-content\/uploads\/2021\/03\/pedroximenez1-1-768x288.jpg 768w, https:\/\/www.unoporunowines.com\/wp-content\/uploads\/2021\/03\/pedroximenez1-1-830x311.jpg 830w, https:\/\/www.unoporunowines.com\/wp-content\/uploads\/2021\/03\/pedroximenez1-1-230x86.jpg 230w, https:\/\/www.unoporunowines.com\/wp-content\/uploads\/2021\/03\/pedroximenez1-1-350x131.jpg 350w, https:\/\/www.unoporunowines.com\/wp-content\/uploads\/2021\/03\/pedroximenez1-1-480x180.jpg 480w\" sizes=\"(max-width: 900px) 100vw, 900px\" \/><\/figure><div class=\"elementor-image-box-content\"><h3 class=\"elementor-image-box-title\"><p><span style=\"font-family: Arial, sans-serif; background-image: initial; background-position: initial; background-size: initial; background-repeat: initial; background-attachment: initial; background-origin: initial; background-clip: initial;\">Pedro Xim\u00e9nez<o:p><\/o:p><\/span><\/p><\/h3><p class=\"elementor-image-box-description\"><p class=\"MsoNormal\"><span style=\"font-size: 10.5pt; line-height: 107%; font-family: Arial, sans-serif; background-image: initial; background-position: initial; background-size: initial; background-repeat: initial; background-attachment: initial; background-origin: initial; background-clip: initial;\">Vino de uvas pasas Pedro Xim\u00e9nez. Solera 1927 (10%). Solera de 10 a\u00f1os (90%). Las uvas son cosechada a mano a mediados de agosto y posteriormente tendidas al sol en las paseras durante cuatro o diez d\u00edas. Somos una de las pocas bodegas que a\u00fan conservan sus propias paseras, un \u00e1rea especialmente reservada (por su orientaci\u00f3n geogr\u00e1fica y pendiente suave) para la deshidrataci\u00f3n y pasificaci\u00f3n de las uvas. Tenemos especial cuidado de que el secado sea regular y homog\u00e9neo, por lo que se controla manualmente.<o:p><\/o:p><\/span><\/p>\n\n.<\/p><\/div><\/div>\t\t<\/div>\n\t\t\t\t<\/div>\n\t\t\t\t<div class=\"elementor-element elementor-element-6d1c1c1 elementor-position-left elementor-vertical-align-top elementor-widget elementor-widget-image-box\" data-id=\"6d1c1c1\" data-element_type=\"widget\" data-widget_type=\"image-box.default\">\n\t\t\t\t<div class=\"elementor-widget-container\">\n\t\t\t<div class=\"elementor-image-box-wrapper\"><figure class=\"elementor-image-box-img\"><img decoding=\"async\" width=\"900\" height=\"337\" src=\"https:\/\/www.unoporunowines.com\/wp-content\/uploads\/2021\/03\/cream1-1.jpg\" class=\"attachment-full size-full wp-image-911\" alt=\"\" loading=\"lazy\" srcset=\"https:\/\/www.unoporunowines.com\/wp-content\/uploads\/2021\/03\/cream1-1.jpg 900w, https:\/\/www.unoporunowines.com\/wp-content\/uploads\/2021\/03\/cream1-1-300x112.jpg 300w, https:\/\/www.unoporunowines.com\/wp-content\/uploads\/2021\/03\/cream1-1-768x288.jpg 768w, https:\/\/www.unoporunowines.com\/wp-content\/uploads\/2021\/03\/cream1-1-830x311.jpg 830w, https:\/\/www.unoporunowines.com\/wp-content\/uploads\/2021\/03\/cream1-1-230x86.jpg 230w, https:\/\/www.unoporunowines.com\/wp-content\/uploads\/2021\/03\/cream1-1-350x131.jpg 350w, https:\/\/www.unoporunowines.com\/wp-content\/uploads\/2021\/03\/cream1-1-480x180.jpg 480w\" sizes=\"(max-width: 900px) 100vw, 900px\" \/><\/figure><div class=\"elementor-image-box-content\"><h3 class=\"elementor-image-box-title\"><p><span style=\"font-size: 10.5pt; line-height: 107%; font-family: Arial, sans-serif; background-image: initial; background-position: initial; background-size: initial; background-repeat: initial; background-attachment: initial; background-origin: initial; background-clip: initial;\">Cream<o:p><\/o:p><\/span><\/p><\/h3><p class=\"elementor-image-box-description\"><p class=\"MsoNormal\"><span style=\"font-size: 10.5pt; line-height: 107%; font-family: Arial, sans-serif; background-image: initial; background-position: initial; background-size: initial; background-repeat: initial; background-attachment: initial; background-origin: initial; background-clip: initial;\">Vino cream, fruto de la cuidadosa mezcla de nuestros vinos Oloroso y Pedro Xim\u00e9nez, que envejecen juntos en botas de roble americano.\nColor caoba oscuro brillante y l\u00edmpido. Aromas a caf\u00e9, pasas secas y madera vieja con notas a frutos secos.\n<o:p><\/o:p><\/span><\/p>\n\n.\n\n<\/p><\/div><\/div>\t\t<\/div>\n\t\t\t\t<\/div>\n\t\t\t\t<div class=\"elementor-element elementor-element-db7c63b elementor-position-right elementor-vertical-align-top elementor-widget elementor-widget-image-box\" data-id=\"db7c63b\" data-element_type=\"widget\" data-widget_type=\"image-box.default\">\n\t\t\t\t<div class=\"elementor-widget-container\">\n\t\t\t<div class=\"elementor-image-box-wrapper\"><figure class=\"elementor-image-box-img\"><img decoding=\"async\" width=\"1999\" height=\"748\" src=\"https:\/\/www.unoporunowines.com\/wp-content\/uploads\/2021\/03\/palecream1-1.jpg\" class=\"attachment-full size-full wp-image-912\" alt=\"\" loading=\"lazy\" srcset=\"https:\/\/www.unoporunowines.com\/wp-content\/uploads\/2021\/03\/palecream1-1.jpg 1999w, https:\/\/www.unoporunowines.com\/wp-content\/uploads\/2021\/03\/palecream1-1-300x112.jpg 300w, https:\/\/www.unoporunowines.com\/wp-content\/uploads\/2021\/03\/palecream1-1-1024x383.jpg 1024w, https:\/\/www.unoporunowines.com\/wp-content\/uploads\/2021\/03\/palecream1-1-768x287.jpg 768w, https:\/\/www.unoporunowines.com\/wp-content\/uploads\/2021\/03\/palecream1-1-1536x575.jpg 1536w, https:\/\/www.unoporunowines.com\/wp-content\/uploads\/2021\/03\/palecream1-1-830x311.jpg 830w, https:\/\/www.unoporunowines.com\/wp-content\/uploads\/2021\/03\/palecream1-1-230x86.jpg 230w, https:\/\/www.unoporunowines.com\/wp-content\/uploads\/2021\/03\/palecream1-1-350x131.jpg 350w, https:\/\/www.unoporunowines.com\/wp-content\/uploads\/2021\/03\/palecream1-1-480x180.jpg 480w\" sizes=\"(max-width: 1999px) 100vw, 1999px\" \/><\/figure><div class=\"elementor-image-box-content\"><h3 class=\"elementor-image-box-title\"><p><span style=\"font-size: 10.5pt; line-height: 107%; font-family: Arial, sans-serif; background-image: initial; background-position: initial; background-size: initial; background-repeat: initial; background-attachment: initial; background-origin: initial; background-clip: initial;\">Pale Cream<o:p><\/o:p><\/span><\/p><\/h3><p class=\"elementor-image-box-description\"><p class=\"MsoNormal\"><span style=\"font-size: 10.5pt; line-height: 107%; font-family: Arial, sans-serif; background-image: initial; background-position: initial; background-size: initial; background-repeat: initial; background-attachment: initial; background-origin: initial; background-clip: initial;\">Vino semidulce Pale Cream , con la frescura caracter\u00edstica de un Fino y la dulzura de un Cream.\nColor amarillo dorado y brillante. Sabor dulce y suave. Aromas a frutos maduros y compotas. De boca amable y seductora, acidez equilibrada.\n.<o:p><\/o:p><\/span><\/p>\n\n.\n\n<\/p><\/div><\/div>\t\t<\/div>\n\t\t\t\t<\/div>\n\t\t\t\t\t\t<\/div>\n\t\t\t\t\t<\/div>\n\t\t<\/div>\n\t\t\t\t\t\t\t\t<\/div>\n\t\t\t\t\t<\/div>\n\t\t<\/section>\n\t\t\t\t\t\t\t\t\t<\/div>\n\t\t\t<\/div>\n\t\t\t\t\t<\/div>\n\t\t","protected":false},"excerpt":{"rendered":"<p>Bodega ubicada en Montilla, dedicada a la elaboraci\u00f3n de\u00a0vinos\u00a0desde 1927. A finales de los a\u00f1os noventa, incorporamos el trabajo con\u00a0levaduras aut\u00f3ctonas\u00a0a la [&hellip;]<\/p>\n","protected":false},"author":1,"featured_media":0,"parent":0,"menu_order":0,"comment_status":"closed","ping_status":"closed","template":"page-templates\/page_fullwidth.php","meta":[],"_links":{"self":[{"href":"https:\/\/www.unoporunowines.com\/index.php\/wp-json\/wp\/v2\/pages\/868"}],"collection":[{"href":"https:\/\/www.unoporunowines.com\/index.php\/wp-json\/wp\/v2\/pages"}],"about":[{"href":"https:\/\/www.unoporunowines.com\/index.php\/wp-json\/wp\/v2\/types\/page"}],"author":[{"embeddable":true,"href":"https:\/\/www.unoporunowines.com\/index.php\/wp-json\/wp\/v2\/users\/1"}],"replies":[{"embeddable":true,"href":"https:\/\/www.unoporunowines.com\/index.php\/wp-json\/wp\/v2\/comments?post=868"}],"version-history":[{"count":8,"href":"https:\/\/www.unoporunowines.com\/index.php\/wp-json\/wp\/v2\/pages\/868\/revisions"}],"predecessor-version":[{"id":915,"href":"https:\/\/www.unoporunowines.com\/index.php\/wp-json\/wp\/v2\/pages\/868\/revisions\/915"}],"wp:attachment":[{"href":"https:\/\/www.unoporunowines.com\/index.php\/wp-json\/wp\/v2\/media?parent=868"}],"curies":[{"name":"wp","href":"https:\/\/api.w.org\/{rel}","templated":true}]}}